pose 12*r - 4*r - 152 = 0. What is the remainder when r is divided by 7?
5
Suppose 0 = 4*t - 5*b + 399, 0 = -3*t - 5*b - 181 - 162. Let x = 160 + t. What is the remainder when x is divided by 14?
12
Let a = -12 + 8. Suppose q - 2 = 2. Let z = q - a. What is the remainder when z is divided by 5?
3
Suppose -5*o + 2*v + 69 = 0, o - 19 = -0*o + 3*v. Suppose -2*a + a = -37. Calculate the remainder when a is divided by o.
11
Suppose s = -4*s - 2*j + 203, -5*s = 4*j - 201. Suppose 0 = -3*z - 4*m - m + 48, 0 = z - 5*m + 4. What is the remainder when s is divided by z?
8
Let q(o) = o**2 + 8*o - 7. Suppose r + 0 = 3, 2*d + r - 79 = 0. Calculate the remainder when d is divided by q(-10).
12
Let o = 36 + 21. Calculate the remainder when o is divided by 20.
17
Suppose -5*l = -4*q + 48 - 189, 5*q + 20 = 0. Suppose 0 = 4*f + f - l. Suppose 3*s - 8 = 2*s. What is the remainder when s is divided by f?
3
Let q be (-4)/(-2) + (-3)/1. Let r(o) = 1 - 2*o**3 + o + 0*o**2 + 4*o**3 + o**2 - 9*o**3. Calculate the remainder when 22 is divided by r(q).
6
Suppose -2*u = 4*x - 564, 0 = 4*x - 0*u + u - 562. Suppose 0 = 2*h - 5*t - 56, -h + x = 4*h + 2*t. What is the remainder when h is divided by 15?
13
Suppose -2*u + 24 = -2. Calculate the remainder when 76 is divided by u.
11
Let s(u) = 8*u**2 + 3*u - 5. What is the remainder when s(2) is divided by 12?
9
Suppose -4*i + 5*u + 21 = -24, -u + 49 = 5*i. What is the remainder when 46 is divided by i?
6
Suppose 0 = -4*b - 3*s + 26, 0 = -b - 3*b + 5*s + 42. Calculate the remainder when ((-31)/4)/((-9)/36) is divided by b.
7
Let i(t) = -t**2 - 12*t + 4. Let h be 2/(-12) + (-52)/(-24). Suppose -3*p + h*n + 46 = n, 3*p + n - 38 = 0. What is the remainder when i(-6) is divided by p?
12
Suppose 5*q - 108 = 237. What is the remainder when q is divided by 24?
21
Let f be (3/3 - -1) + 117. Suppose -5*m + 242 = -j, 4*m + 4*j = f + 65. What is the remainder when 11 is divided by m/9 - 2/(-3)?
5
Suppose 4*w = 5*l - 0*l - 5, -2*l + 3*w = -9. Let x be (1 - 0)/(l/6). Calculate the remainder when (-9)/3*-23 + x is divided by 17.
16
Suppose 0 = -s - 4*s + 15. Suppose 5*g - 29 = s*g + x, 4*x - 19 = -g. Calculate the remainder when g is divided by 6.
3
Let c = -110 - -173. Suppose u = -0*f - 2*f + 30, 2*u - 12 = -f. What is the remainder when c is divided by f?
15
Let n = -8 - -17. Suppose o - 40 = -5*p, -4*o + p = -18 - 37. Suppose -g = 2*g - o. What is the remainder when n is divided by g?
4
Suppose 0 = -3*b + 38 - 5. Suppose 2*j - 1 - 61 = 0. What is the remainder when j is divided by b?
9
Suppose 2*k + 35 - 89 = 0. Calculate the remainder when k is divided by 7.
6
Let b(r) = r**2 - 4*r - 3. Let a be b(-2). Suppose -3*n + a = 5*m - 21, -5*n + 5*m + 10 = 0. What is the remainder when 8 is divided by n?
3
Let q(d) = 4*d**2 - d - 3. Let b be q(2). Let t = -1 + b. Calculate the remainder when t is divided by 6.
4
Let f = 8 + 7. Calculate the remainder when (-2)/(-5) - (-133)/5 is divided by f.
12
Suppose -2*t + 149 = -5*u, 0*u - 315 = -5*t + u. Calculate the remainder when t is divided by 17.
11
Suppose 54 = 2*y - 4*r, 3*y = 2*r - 7*r + 26. Calculate the remainder when 84 is divided by y.
16
Suppose -3*l + 509 = 2*u, -5*l = -u + 2*u - 860. Calculate the remainder when l is divided by 44.
41
Let w = -522 - -791. Let l = -191 + w. Calculate the remainder when l is divided by 20.
18
Let f be (0 + 3/(-4))*4. Let x(k) = k**2 + k + 1. Suppose -21 = -2*j + 17. Calculate the remainder when j is divided by x(f).
5
Let w = 13 + 7. Calculate the remainder when 77 is divided by w.
17
Let p = -7 - -10. Suppose -3*i = -4*c - 5, i - 2*i + p*c = 0. Calculate the remainder when 53 is divided by i/3*13 + 1.
11
Suppose 5*c + 2*j = 433, 5*c - 336 = c + j. What is the remainder when c is divided by 11?
8
Let h(u) = -u**3 + 8*u**2 - 6*u + 9. Let l be h(6). Suppose 0*f - l = -5*f. What is the remainder when f is divided by 4?
1
Suppose -3*u + 2*u - 13 = -s, -2*u + 58 = 5*s. Suppose -2*a - 5 = -1. What is the remainder when a/(-3) + 200/6 is divided by s?
10
Let x = 16 + 8. Suppose -2*c = -c + 2. Let y(m) = 3*m**2 + 1. What is the remainder when x is divided by y(c)?
11
Suppose 0 = v + 3*p - 12, -v - 2*p = -3*v. Suppose i - 4 = -v*i. What is the remainder when 16 is divided by i/2*(-18)/(-1)?
7
Let l = 3 + -15. What is the remainder when 3 is divided by ((-20)/l)/(-5)*-9?
0
Let o(s) = s - 4. Calculate the remainder when o(6) is divided by 1.
0
Let a = 6 + -10. Let k = 4 - a. Suppose 19 = y - 3. What is the remainder when y is divided by k?
6
Let w(m) = -m**2 - 5*m + 2. Let r be w(-5). Let h(p) = -1 - 18*p**2 - 3*p + 19*p**2 + 3*p. Calculate the remainder when 4 is divided by h(r).
1
Let d(v) = -v - 6. Let s be d(-6). Suppose s*r = -r. Suppose r = w - 5 - 4. Calculate the remainder when 25 is divided by w.
7
Suppose 6 = 3*c - 0*c. Let a be -2*(-3)/(-2) - -6. What is the remainder when (-6)/a - 7*-1 is divided by c?
1
Let j = 4 - 2. Let h = j + 0. Let z = h + 1. What is the remainder when 5 is divided by z?
2
What is the remainder when 68 is divided by (84/8)/((-6)/(-8))?
12
Suppose 5*g - 3 - 42 = 0. Calculate the remainder when 13 is divided by (-2)/g - (-94)/18.
3
What is the remainder when (-2)/((0 - 1)/9) is divided by 5?
3
Suppose -3*v + o = -23, -4 = -4*v + 5*o + 12. Suppose 0 = m - 5 + 1. Calculate the remainder when v is divided by m.
1
Let g(r) = 10*r - 13. Calculate the remainder when g(5) is divided by 20.
17
Let s(w) = w**3 - w**2 - 4. Let q = -7 - -10. What is the remainder when 26 is divided by s(q)?
12
Let c(z) = -z**3 - 5*z**2 + 6*z - 3. Let y be c(-6). Let v = -5 - y. What is the remainder when 101/2 - (-1)/v is divided by 17?
16
Let s(c) = c**3 + 10*c**2 + 9*c + 2. Let i be s(-9). What is the remainder when i*(3 + (-201)/(-6)) is divided by 19?
16
Let v(o) = o**2 - o - 1. Calculate the remainder when 120 is divided by v(7).
38
Let o = -8 + 8. Let b be o/(3/(-6)*-2). Calculate the remainder when 1 is divided by b - 1 - (-4 + 2).
0
Let m(x) = x - 1. Let t be m(4). Suppose -t*w + 31 = -29. Let g(b) = -b + 24. What is the remainder when w is divided by g(13)?
9
Suppose -3*d + 46 = 5*s, -2*d - 3*d = 2*s - 7. Suppose -30 = -r - 4*r. Calculate the remainder when s is divided by r.
5
Let m(l) = -l**3 + 13*l**2 + 15*l + 29. What is the remainder when m(14) is divided by 11?
10
Suppose -93 = -4*c + 3. Let f = 147 + -133. Calculate the remainder when c is divided by f.
10
Let a(h) = -2 + 4*h + 3*h**2 - 9*h**2 + 7*h**2. Calculate the remainder when a(5) is divided by 15.
13
Suppose t - 6 = -1. Suppose 5*p + 7*d - 2*d = 50, t*d = 2*p - 6. What is the remainder when (-2)/p*-82*2 is divided by 14?
13
Let h = 93 - 8. What is the remainder when h is divided by 43?
42
Let l = 12 - 8. Let n be l/14 - 174/21. Let j(w) = w**2 + 6*w - 9. Calculate the remainder when 13 is divided by j(n).
6
Suppose 0 = 2*v - 0*v - 4. Let i(l) = 3*l + v*l**2 + l**2 - 2 + 1. What is the remainder when i(-3) is divided by 9?
8
Calculate the remainder when 29 is divided by (-66)/(-8) - (-11)/(-44).
5
Suppose -33 = -3*z - 0*z. Suppose -p + 2*p = -h + z, -4*p - 1 = h. Calculate the remainder when 41 is divided by h.
11
Suppose -4*d + 405 + 411 = 0. Suppose -i = 3*i - d. Suppose -i = 4*g - 123. What is the remainder when 53 is divided by g?
17
Let o(y) = 6*y**2 + 3*y - 2. What is the remainder when o(2) is divided by 15?
13
Let h = -73 - -108. Calculate the remainder when h is divided by 9*1*(-8)/(-6).
11
Let n be (-2 + 0)*1 - -85. Suppose -3*j + n = 11. Let x = 34 + -21. What is the remainder when j is divided by x?
11
Let h(u) = u**3 + 3*u**2 - 4*u + 2. Let q(y) = y**3 - 4*y**2 - 4*y - 8. Calculate the remainder when q(6) is divided by h(2).
12
Let d(w) = w**2 - 7*w - 5. Let o be d(8). Calculate the remainder when 47 is divided by ((-2)/o)/(6/(-216)).
23
Suppose 2*t - 5*f + 82 = 6*t, -4*f = -t + 10. What is the remainder when 71 is divided by t?
17
Suppose 3*b - 64 - 17 = 0. What is the remainder when b is divided by 7?
6
Let x(u) = 4*u + 37. What is the remainder when 15 is divided by x(-7)?
6
Suppose 2*s - 6 = -4*k - 0, 2*k + 22 = 4*s. Suppose -2*w = s*p - 123, -p = -2*p + 5. Let v = -2 + w. What is the remainder when v is divided by 16?
15
Let w = 3 + 3. Calculate the remainder when w is 